643. Give d(32).
1029
Let f(g) = -15008*g - 29971. Calculate f(-2).
45
Let c(a) = 19090*a + 5803354. What is c(-304)?
-6
Let p(y) = -2919*y - 391055. Calculate p(-134).
91
Let o(w) = -1103*w - 4017. What is o(-7)?
3704
Let y(f) = 241*f**2 - 17*f + 54. Give y(2).
984
Let x(q) = -q**3 - 11*q**2 + 687*q + 6872. Determine x(-10).
-98
Let g(f) = 34*f - 4296. Determine g(74).
-1780
Let t(f) = -1261*f + 103412. Give t(82).
10
Let h(a) = -5*a**2 + 3671*a + 22122. Calculate h(-6).
-84
Let o(w) = -2*w**3 - 32*w**2 - 208*w - 1425. Calculate o(-12).
-81
Let r(p) = 9100*p**2 + 63689*p - 59. Give r(-7).
18
Let m(r) = -3707*r - 181665. Determine m(-49).
-22
Let q(h) = 105*h**2 - 22586*h + 2428. Calculate q(215).
63
Let v(z) = -z**3 - 18*z**2 + 1231*z + 19131. Calculate v(-15).
-9
Let m(t) = -13336*t + 3974171. Calculate m(298).
43
Let y(d) = -276*d + 80810. Determine y(283).
2702
Let y(m) = 1008*m - 44440. Give y(44).
-88
Let v(i) = i**3 + 8*i**2 + 18*i + 38. Calculate v(9).
1577
Let k(b) = 5*b**3 + 710*b**2 - 5*b - 694. What is k(-142)?
16
Let s(l) = -765735*l + 3828657. What is s(5)?
-18
Let h(s) = -s**2 + 365*s + 259825. Determine h(-359).
-91
Let f(h) = 18*h**2 - 67*h - 8550. What is f(-20)?
-10
Let i(n) = -5*n**2 - 1331*n - 7889. Give i(-6).
-83
Let l(w) = 2*w**3 - 356*w + 5. Calculate l(0).
5
Let l(m) = m**2 - 72*m - 2076. What is l(70)?
-2216
Let x(k) = 41246*k - 1031062. Give x(25).
88
Let s(r) = r**2 + 9438*r + 9502612. Determine s(-1146).
-20
Let q(w) = -48*w**2 - 850*w - 564. Determine q(-17).
14
Let o(y) = -y**2 + 1287*y - 59201. Determine o(50).
2649
Let g(y) = -2580*y - 18135. Calculate g(-7).
-75
Let v(q) = 4493*q**2 - 184220*q + 293. Give v(41).
6
Let d(j) = 10467*j + 9622. Calculate d(-1).
-845
Let p(u) = -136*u**2 - 1135*u - 29. Determine p(-8).
347
Let d(c) = -9*c**3 - 593*c**2 + 62*c - 403. What is d(-66)?
-139
Let t(v) = -2919*v + 29186. What is t(10)?
-4
Let x(p) = 8*p**2 + 360*p + 15. Determine x(-44).
-337
Let k(f) = -7*f**2 + 209*f - 1510. Calculate k(11).
-58
Let u(n) = n**3 + 146*n**2 - 3899*n - 1894. Calculate u(-169).
134
Let i(f) = -7*f**3 - f**2 - 38*f + 104. Give i(7).
-2612
Let g(p) = -p**3 + 63*p**2 - 3553*p + 231475. Calculate g(64).
-13
Let c(x) = -2*x**3 + 145*x**2 - 2563*x - 44. Calculate c(42).
-86
Let o(v) = -386*v + 8673. Give o(22).
181
Let u(q) = -72634*q + 435799. Give u(6).
-5
Let w(a) = -4808*a - 91332. Determine w(-19).
20
Let d(k) = 21066*k + 82449. Give d(-4).
-1815
Let x(t) = t**3 - 112*t**2 + 2189*t - 568. Determine x(87).
650
Let w(q) = -5698*q + 194225. Calculate w(34).
493
Let w(c) = -3*c**3 - 457*c**2 - 141*c + 1726. What is w(-152)?
54
Let b(a) = -a**3 - 43*a**2 + 25*a + 5670. Calculate b(-40).
-130
Let w(c) = -c**2 + 183*c + 5574. Determine w(-26).
140
Let o(p) = -796*p**3 - 7167*p**2 - 59*p - 293. What is o(-9)?
-5
Let d(f) = 2*f**3 + 15*f**2 - 573*f - 122. Calculate d(-21).
4
Let o(j) = -3*j**2 - 140*j - 124. Give o(-39).
773
Let s(h) = h**3 + 107*h**2 + 110*h + 1157. Calculate s(-106).
733
Let p(s) = 16424*s - 65683. Determine p(4).
13
Let q(w) = w**3 - 11*w**2 - 1203*w + 21324. Give q(25).
-1
Let k(h) = 447*h + 5265. Determine k(-11).
348
Let u(z) = 709109*z - 26237041. Calculate u(37).
-8
Let q(y) = 31*y**2 + 482*y + 465. Give q(-14).
-207
Let w(d) = -5*d**2 + 397*d + 4345. Calculate w(-11).
-627
Let g(r) = -832*r - 7300. What is g(-8)?
-644
Let l(a) = 3345*a - 46159. Determine l(14).
671
Let g(w) = -77464*w + 1239415. Determine g(16).
-9
Let b(n) = -1577*n - 1906. Determine b(-1).
-329
Let n(o) = -358*o**2 - 66590*o - 402. Give n(-186).
-30
Let k(d) = d**3 - 156*d**2 + 462*d - 31. Calculate k(153).
428
Let y(i) = -250*i + 4364. Give y(19).
-386
Let c(x) = 28*x**2 - 25*x - 120. Determine c(-4).
428
Let w(q) = -q**3 - 128*q**2 - 247*q + 58. Calculate w(-126).
-572
Let c(t) = -3*t**3 + 189*t - 972. Calculate c(8).
-996
Let v(s) = -2*s**2 + 14173*s + 699280. What is v(-49)?
1
Let t(r) = r**3 - 187*r**2 + 1518*r - 15392. Give t(179).
2
Let n(v) = -v**2 - 2*v + 5821. Calculate n(75).
46
Let k(o) = 8*o**2 + 178*o + 848. What is k(-6)?
68
Let g(t) = t**3 - 230*t**2 - 3151*t - 1976. Calculate g(243).
-32
Let v(z) = -2*z**3 + 130*z**2 + 494*z - 24674. Calculate v(66).
-782
Let d(k) = -k**3 - 23*k**2 - 30978*k - 680989. Give d(-22).
43
Let h(z) = -z**2 - 7455*z + 1358649. Calculate h(178).
-25
Let a(i) = -17*i - 955. Give a(-25).
-530
Let o(p) = -3338*p - 173567. What is o(-52)?
9
Let m(j) = -2*j**3 - 42*j**2 + 97*j + 1125. What is m(-22)?
-41
Let j(m) = -1202*m + 1092620. What is j(909)?
2
Let p(d) = -1993*d**2 - 55806*d - 78. Determine p(-28).
-22
Let p(s) = -s**3 - 160*s**2 - 2099*s - 8152. Give p(-146).
-122
Let u(q) = -2*q**2 - 135*q + 1591. Calculate u(-72).
943
Let c(k) = k**3 - 34*k**2 - 45*k + 350. What is c(35)?
0
Let w(i) = 2*i**3 + 1390*i**2 - 8404*i - 56. Give w(6).
-8
Let l(p) = p**3 - 2774*p**2 - 138328*p - 73. Determine l(-49).
-24
Let m(o) = -o**3 - 583*o**2 + 122*o + 71143. Determine m(-583).
17
Let d(o) = 953*o + 6922. Give d(-5).
2157
Let q(d) = 6778*d + 115159. Calculate q(-17).
-67
Let y(q) = -4001*q - 11725. Calculate y(-3).
278
Let j(l) = l**2 + 755*l - 95179. Determine j(110).
-29
Let l(r) = -r**2 + 1227*r + 231225. Give l(-166).
-13
Let y(b) = -24*b**3 - 5*b**2 + 2. Give y(-1).
21
Let s(b) = -2541*b + 256507. What is s(101)?
-134
Let i(z) = 2182*z - 4321. Give i(2).
43
Let z(b) = -b**3 - 19*b**2 + 37*b - 19. Determine z(-21).
86
Let z(f) = -14*f**3 - 26*f**2 + 673*f - 644. What is z(1)?
-11
Let d(i) = -2*i**2 + 153*i + 6697. Calculate d(-34).
-817
Let c(z) = 541*z + 3012. Give c(-6).
-234
Let k(x) = -1517*x + 16727. Give k(11).
40
Let o(i) = -i**3 - 14*i**2 - 178*i - 608. What is o(-12)?
1240
Let q(m) = -850*m**2 + 253*m + 16. Calculate q(2).
-2878
Let g(l) = -360*l - 98322. Give g(-273).
-42
Let q(z) = 134*z**2 - 33*z + 13. Determine q(1).
114
Let g(s) = 3285*s + 18175. What is g(-5)?
1750
Let r(h) = 2*h**3 - 180*h**2 - 2208*h - 1251. What is r(101)?
163
Let t(f) = 26991*f + 836717. What is t(-31)?
-4
Let j(g) = 89974*g - 26092456. What is j(290)?
4
Let j(b) = -297*b - 4393. What is j(-15)?
62
Let x(m) = 6947*m + 527592. Determine x(-76).
-380
Let u(f) = -f**2 + 304*f + 454372. What is u(-539)?
-5
Let j(o) = 4*o**2 - 304125*o - 304124. Calculate j(-1).
5
Let i(b) = -b**3 - 207*b**2 + 420*b - 211. Give i(1).
1
Let x(q) = -6228*q - 853219. Determine x(-137).
17
Let o(y) = y**3 + 99*y**2 + 1066*y + 167. What is o(-12)?
-97
Let n(b) = b**3 - 105*b**2 - 1447*b - 26068. What is n(119)?
-7
Let h(v) = -359290*v + 10060193. Determine h(28).
73
Let y(o) = 57*o**2 + 22240*o + 3889. Determine y(-390).
-11
Let q(d) = -260*d + 64721. Determine q(253).
-1059
Let q(u) = 21343*u - 341442. Give q(16).
46
Let m(f) = -106300*f + 956694. Determine m(9).
-6
Let h(d) = 6*d**2 + 17*d - 43. Determine h(-18).
1595
Let g(d) = -56*d - 6384. Give g(-109).
-280
Let u(q) = 89*q - 1999. Give u(17).
-486
Let p(k) = 3281*k - 100. Give p(0).
-100
Let x(n) = -5*n**3 - 1351*n**2 - 1616*n - 463. Calculate x(-269).
75
Let i(r) = -r**3 + 1114*r**2 - 117534*r + 5982. Calculate i(996).
6
Let b(c) = c**3 - 55*c**2 + 735*c + 63. Determine b(23).
40
Let n(v) = v**3 + 217*v**2 + 207*v + 241117. Calculate n(-221).
6
Let g(n) = n**3 + 42*n**2 + 33*n - 1747. Give g(-40).
133
Let a(s) = -68*s**3 + 163*s**2 + 331*s + 12. What is a(-2)?
546
Let s(f) = -12400*f + 38316000. Give s(3090).
0
Let b(d) = -47791*d + 143079. Determine b(3).
-294
Let q(f) = -5667*f + 137221. Determine q(24).
1213
Let g(c) = 202*c**2 - 6253*c + 68. Calculate g(31).
347
Let c(j) = 4906*j + 48992. Calculate c(-10).
-68
Let c(h) = -225*h**2 + 2934*h - 81. Determine c(13).
36
Let i(z) = -691*z - 9126. Determine i(-13).
-143
Let t(m) = -17*m**2 - 982*m - 731. What is t(-57)?
10
Let y(b) = b**3 - 29*b**2 + 178*b + 69. Determine y(10).
-51
Let h(r) = -215*r + 27765. What is h(131)?
-400
Let f(t) = 4*t**2 + 30*t + 99. Determine f(-2).
55
Let z(i) = 6828*i - 1099339. Give z(161).
-31
Let j(b) = -3*b**2 - 523*b - 22532. Give j(-100).
-232
Let i(c) = -225*c + 26479. What is i(116)?
379
Let i(w) = -270*w + 3000. What is i(6)?
1380
Let j(u) = -17*u**3 - 269*u**2 - 206*u + 10. What is j(-15)?
-50
Let o(r) = -r**2 + 171*r + 14747. Give o(234).
5
Let z(n) = 2*n**3 - 36